5. Suppose -3*n = -x - 12, -3*n = 2*x - 6*x - 12. Let p(t) = t**2 - t + 12. Let f be p(x). Is c(f) composite?
False
Let r(p) = 1340*p - 47. Is r(6) a prime number?
True
Suppose 1897 = -5*y + 35562. Is y a prime number?
True
Let z(u) = u**3 - 13*u**2 - 5*u + 12. Let f be z(9). Let r = f + 664. Is r a prime number?
True
Let g(w) = -w**2 - 16*w - 25. Let a be g(-14). Suppose -910 = -a*y - 277. Is y a prime number?
True
Let j be 0 - -2 - (2 - 2). Suppose -42 = 2*y - 114. Is ((-6852)/y)/(j/(-6)) a prime number?
True
Let a be (-20)/(-70) - 592/14. Let q be a/9*(-279)/(-6). Let j = -3 - q. Is j prime?
False
Suppose -172582 = -35*w + 375273. Is w prime?
False
Suppose 27*b + 5*g = 28*b - 19526, -39012 = -2*b + 2*g. Is b composite?
False
Let v(n) = -374*n + 53. Let t(a) = -749*a + 105. Let d(o) = 4*t(o) - 7*v(o). Is d(-6) a prime number?
False
Suppose -5*g + 13 = -32. Let v(z) be the first derivative of 2*z**3/3 - 7*z**2/2 - 10*z - 5. Is v(g) a composite number?
False
Let b(k) = 752*k - 3. Is b(7) composite?
False
Let g(c) = -4*c**2 + 8*c + 11. Let f(j) = j**2 - j. Let y(l) = 6*f(l) + g(l). Is y(6) a composite number?
True
Let d = -283156 - -399639. Is d prime?
True
Let a(j) = 233*j - 7. Let b(x) = -700*x + 21. Let k(y) = -8*a(y) - 3*b(y). Let m be k(7). Suppose -13*t + m = -8*t. Is t prime?
False
Suppose 2*y = -5*k - 436 + 2093, -4*y - k = -3359. Is y prime?
False
Let m be -6*-2*(-1)/(-6). Suppose m*d + 4*d = 18. Suppose -w - 151 = -3*f + 113, -d*w - 258 = -3*f. Is f prime?
True
Is (-2)/9 + (-260)/(-117) + 1067 prime?
True
Let i(a) = -1 + 1 - 13 + 144*a. Is i(5) composite?
True
Suppose -2*p = 5*s - 0*p - 19575, -s = 5*p - 3938. Suppose 7*m - s = -6*m. Is m prime?
False
Suppose 0 = m - 6*m + 20. Let h be (-1)/(m/132*3). Is (-4980)/(-44) - (-2)/h prime?
True
Let b be (0 - -4 - (-4)/(-1)) + 3. Suppose -4*g + 6417 = -3*g + 4*t, -b*t + 12839 = 2*g. Is g a composite number?
False
Let o be (1 + -1311)*5/(-2). Let j be 3*((1 - -2) + -2). Suppose 827 = l + 2*r, -l - j*l + o = -3*r. Is l prime?
True
Is ((6 - 11) + 6)*1*8999 composite?
False
Is 3957 + 2 + (-67 - -75) prime?
True
Let j be 3 + 25/5 - 3. Suppose -143 = -u - 0*u + 3*r, j*u = r + 729. Is u composite?
True
Let p(x) = 15 - x**2 + 8*x + 21 - 34. Let l be p(8). Suppose 2*h = -l*h + 220. Is h composite?
True
Let i be 36*(-1)/(-15)*5. Suppose -2*u - i*u = -20678. Is u a composite number?
True
Let c(b) = -1002*b + 40. Is c(-3) composite?
True
Is ((-20188)/20 - -1)/(6/(-15)) composite?
False
Let h(x) = -x**2 - 43*x - 42. Let a be h(19). Let z = a - -2454. Is z a prime number?
False
Let f(y) = -2*y + 4. Let g be f(-4). Let r = -11 + g. Is (-1059)/(-1)*r/3 prime?
True
Suppose -4*n = -6*n - 154. Let z = -30 - n. Is z a prime number?
True
Let y = 24 - 14. Suppose 0 - y = -5*f. Is (-1)/(f - 1006/502) prime?
True
Suppose 0*z = -5*z + 4605. Let l = z - 1838. Is l/(-49) - (-2)/7 a prime number?
True
Suppose 4*m - 18020 = 2*y, m = 3*y + 1967 + 2528. Is m a prime number?
True
Suppose 21*p - 46557 - 30954 = 0. Is p a composite number?
False
Let k be (25585/25 - 5) + (-4)/10. Let x = k + -279. Is x prime?
True
Let f(p) = p**2 - 6*p + 2. Let y be f(4). Let k be 0 + 1 + (-2 - y). Is (-3)/3 - (k - 65) prime?
True
Suppose 0*y + 5*y + 45 = 0. Let q be (-4)/12 + (-6834)/y. Let z = q - 370. Is z prime?
True
Let u = 1 - 10. Let n be (-4*u/6)/2. Suppose -n*l + 228 = l. Is l a composite number?
True
Suppose 11*b + 10 = 6*b. Is b/(1/94*(-4)/7) a prime number?
False
Let b = -20 - -25. Suppose -b*c - 502 = -7*c. Is c a composite number?
False
Let o = 18540 - 13125. Suppose 5*w + o = 5*s + w, 5*s - 5*w = 5410. Is s prime?
True
Let p be 3/(-3) + 1 - -1. Suppose 3*b + p = -2. Is (225 - 2)/((-1)/b) a composite number?
False
Let i(t) = -3*t + 1259. Let k be (-3 + 1)*(-1)/(-2)*0. Is i(k) a prime number?
True
Let u(m) be the first derivative of 2*m**3/3 + m**2/2 + 327*m + 11. Let l be u(0). Suppose -5*g - b = -1590, -g - 6*b = -4*b - l. Is g a composite number?
False
Let s(n) = 67*n**3 - 2*n + 1. Suppose 0 = q - 7. Let p be 21/(-3)*(-2)/q. Is s(p) a prime number?
False
Let u = -20296 + 35799. Is u a prime number?
False
Let y(o) = 7*o**2 + 7*o - 9. Suppose 2*h = -4*h + 30. Is y(h) composite?
True
Let r(q) = 4*q - 7*q + 4*q + 7*q**2 + 1 + q. Is r(2) a prime number?
False
Let f(b) = b**2 - 2*b - 3. Let o be ((-4)/(-5))/((-6)/(-30)). Let y be f(o). Suppose y*s + 4*a + 47 = 252, 0 = 2*s - 2*a - 64. Is s a composite number?
False
Let r = -20162 + 59713. Is r a composite number?
False
Suppose 11*a = 26*a - 425235. Is a a composite number?
False
Let y(k) = -473*k - 162. Is y(-7) prime?
False
Let z(s) = 43*s + 22. Let q be z(-6). Let a = q + 801. Is a a composite number?
True
Suppose -4*r - g = -1157 - 6696, 5*g = -2*r + 3949. Suppose 7*c - 1979 = r. Is c composite?
False
Let v be (2/(-3))/(3*14/63). Is (1*(2 + v))/(16/3568) composite?
False
Let o = -22792 - -81303. Is o prime?
True
Let x = 3262 - 1944. Is x composite?
True
Let h be (2 - 32)/(-15 + 14). Let j(i) = i + 4. Let y be j(0). Let a = h - y. Is a a prime number?
False
Let y = -20 + 20. Suppose -5*w + 5*j - 1754 + 7479 = 0, y = w - 3*j - 1141. Is w a composite number?
True
Let t be (8 - 22)*5682/(-21)*3. Suppose t + 22728 = 12*d. Is d composite?
True
Let o = -78 - 612. Let f = 307 - o. Is f composite?
False
Let a = -26 - -30. Suppose -a = 4*i, x + 0*x + 3*i + 1 = 0. Suppose 542 = l + x*c, 2 = 2*c - 2. Is l a prime number?
False
Let x be 42/(3416/(-684) + 5). Suppose -2*h = -4*h + 4*l + x, -3*l = 3*h - 10782. Is h a prime number?
True
Suppose 7*z - 28 = 7. Suppose -41 - 109 = -z*j. Is ((-4670)/j)/(2/(-6)) a prime number?
True
Suppose -5*r + 196 = -r. Let f = r - 29. Is (-3570)/f*4/(-6) prime?
False
Let u(x) = -x + 4. Let d be u(-6). Suppose 3*l - 5*l - d = 4*r, -3*r = 0. Let g(q) = 16*q**2 - 3*q - 2. Is g(l) composite?
True
Let o(y) = y**3 - 10*y**2 + 2*y - 13. Let h be o(10). Let v = h + -9. Is -3 + (v - -99 - 3) a composite number?
True
Suppose -r - r = -262. Suppose -r - 80 = -v. Is v composite?
False
Suppose -2*m + 5199 = 5*q, 0 = -5*m + 5*q + 1248 + 11802. Suppose -m - 377 = -8*p. Is p a prime number?
True
Suppose -2*p + 30654 = -788. Is p composite?
True
Is (3357/(-6))/((315/(-10))/21) a composite number?
False
Let k(s) = 1087*s**2 - 3*s + 3. Is k(1) a composite number?
False
Let y be (6/5)/((14/2)/175). Is 20/y + (46472/(-6))/(-4) prime?
False
Let t = 49816 + -30567. Is t prime?
True
Suppose 37492 - 165734 = -37*g. Is g a composite number?
True
Let o(u) = 144*u**2 - 6*u + 4. Let g be o(2). Let j be (g/(-16))/(1/(-22)). Suppose -j - 2994 = -5*k. Is k a prime number?
False
Suppose -140 = -7*v - 0*v. Suppose -v = -7*o + 2*o. Suppose o*y - 1246 = -3*y. Is y prime?
False
Suppose -6 = -2*n + n. Suppose 6 + n = 3*j. Suppose j*l + 2*p - 34 = 0, -3*l = p - 0 - 24. Is l a composite number?
False
Suppose 5*c - 8 - 15 = o, -3*o - 1 = 2*c. Suppose 0 = 2*b + b - c*u - 2, 3*b = 2*u - 2. Is 1*b/((-4)/74) composite?
False
Let b be ((-1335)/2)/(-4*4/32). Let k = -532 + b. Is k a prime number?
False
Suppose 5*p = 5*o, o - 27 = -4*o - 4*p. Suppose 4*s + 158 = o*j - 7, 5*s = -5*j + 310. Is j a prime number?
True
Suppose -2*h + 4*h = 1842. Is 5/(-15)*-7*h a prime number?
False
Let t = 4 + -2. Suppose 0 = -4*v + 5*r + 1167, -v - 3*r = t*v - 882. Is v prime?
True
Let v be (-6 - -4) + 2 + 3922 + 1. Suppose -8*k - v + 14091 = 0. Is k composite?
True
Suppose -9*w - w = -50. Suppose f = -3*n + 633, 4*n = w*f - f + 844. Is n a prime number?
True
Let q(v) = -32 + 7 + 13*v - 5*v. Is q(7) prime?
True
Let z(n) = -5 + 20*n + 24*n + 0*n. Let p be -1 + (-5 - 0)*-2. Is z(p) a composite number?
True
Is 6/9 - (-6753)/9 a composite number?
False
Let f(u) = -u**2 + 11*u - 15. Let a be f(10). Let i = 5 + a. Suppose q - 115 - 804 = i. Is q a prime number?
True
Let q(u) = 865*u**2 + 11. Let x be q(-6). Suppose -29030 - x = -11*b. Is b a composite number?
False
Let r(l) be the second derivative of 5*l**4/12 - 29*l**3/6 - l**2/2 - 35*l. Is r(12) prime?
False
Suppose 5*t = -15, t + 4 - 3 = -j. Suppose -p + 4709 = 7*o - 5*o, o - 2347 = -j*p. Is o composite?
False
Let l = 77415 + -50656. Is l composite?
False
Suppose r - 4549 = 4*q - 7*q, 4*q - 2*r = 6062. Suppose -y - q = -3*y. Is y a prime number?
False
Suppose -5*d + 7422 = -